e 13, what is 4 - 428b0?
-428a9
In base 12, what is 443a1b + -3?
443a18
In base 15, what is -daeb + -7?
-db03
In base 14, what is 8 + 3ba?
3c4
In base 6, what is 10231 + -444?
5343
In base 8, what is -2 + 14162?
14160
In base 15, what is -17 + 183?
16b
In base 7, what is -3562634 - -1?
-3562633
In base 8, what is 51745 - -5?
51752
In base 14, what is -3 + 4008?
4005
In base 9, what is 1 - -203776?
203777
In base 3, what is 12100212 - -122211?
20000200
In base 9, what is 570 - -18?
588
In base 7, what is 3 + 43241?
43244
In base 5, what is 123 + 334324?
340002
In base 13, what is -161b476 - 3?
-161b479
In base 6, what is 132342 - 414?
131524
In base 14, what is -34 - -8b0b?
8ab7
In base 2, what is 110001110101000 - 1?
110001110100111
In base 12, what is -54 - -23648?
235b4
In base 12, what is 11059 + 5?
11062
In base 9, what is -454 + -723?
-1277
In base 9, what is 4 - 63667?
-63663
In base 6, what is -13150455 - 2?
-13150501
In base 10, what is -4 + 6740?
6736
In base 12, what is -5 + -2510?
-2515
In base 10, what is -58 + -22340?
-22398
In base 14, what is -231 + 9?
-226
In base 15, what is 5 + 6e14?
6e19
In base 7, what is 6260044 - -2?
6260046
In base 15, what is 2 + b8da5?
b8da7
In base 2, what is 1100 - 110110010101?
-110110001001
In base 12, what is 49 - -8858?
88a5
In base 15, what is 8a5c - -3?
8a60
In base 14, what is -24 + dc28?
dc04
In base 11, what is 0 + 295548?
295548
In base 4, what is -1211 - 220002?
-221213
In base 8, what is -17 + -160126?
-160145
In base 7, what is -356 + -2154?
-2543
In base 3, what is 12 - -100020000?
100020012
In base 13, what is -919 + -1103?
-1a1c
In base 13, what is 117b93 + 2?
117b95
In base 9, what is 506342 + -12?
506330
In base 8, what is 4206 - -722?
5130
In base 7, what is -23 + 12352?
12326
In base 13, what is -2038 - -8?
-2030
In base 9, what is -17 - 7520?
-7537
In base 10, what is -53 + -1306?
-1359
In base 7, what is -16125352 - -2?
-16125350
In base 10, what is 1508 - -378?
1886
In base 8, what is 151003 + -2?
151001
In base 7, what is 1452 + 150?
1632
In base 7, what is -2630205 - -1?
-2630204
In base 16, what is 5f5aa - -1?
5f5ab
In base 4, what is -2 - 33221022?
-33221030
In base 3, what is -12010 - -210?
-11100
In base 12, what is -7b65 + 10?
-7b55
In base 16, what is -1c7a - -61?
-1c19
In base 4, what is -10 - 231313?
-231323
In base 16, what is 0 + 162d?
162d
In base 15, what is -3068dd - -1?
-3068dc
In base 5, what is 12 + 231104?
231121
In base 6, what is -2444314 + -1?
-2444315
In base 6, what is 2021 + -532?
1045
In base 2, what is -1000001000000001 + -11?
-1000001000000100
In base 11, what is 330a51 + -2?
330a4a
In base 4, what is -12110 - 1303033?
-1321203
In base 14, what is 2 - 10b41?
-10b3d
In base 4, what is 10 + 1021302212?
1021302222
In base 11, what is -997389 + 0?
-997389
In base 5, what is 131423 - 212?
131211
In base 9, what is 5541 - 330?
5211
In base 11, what is 2753 + -497?
2267
In base 4, what is -1 + -1331221133?
-1331221200
In base 10, what is -57544 + 4?
-57540
In base 7, what is 66620426 + 2?
66620431
In base 4, what is -12 - -110331?
110313
In base 5, what is -1242403030 + -3?
-1242403033
In base 4, what is -12321230 + 10?
-12321220
In base 11, what is 3602657 - 2?
3602655
In base 3, what is 2 + -22111211210?
-22111211201
In base 8, what is 1517736 + 3?
1517741
In base 7, what is 1 + -14434?
-14433
In base 9, what is 123667 + 1?
123668
In base 5, what is -11 - 22444?
-23010
In base 6, what is -43535 + -24?
-44003
In base 14, what is -712 + -18?
-72a
In base 3, what is -1012101201 - 11?
-1012101212
In base 9, what is 1 + 4250?
4251
In base 16, what is -3821 - -5?
-381c
In base 2, what is 1001011001100111100 - 100?
1001011001100111000
In base 15, what is 2ae199 - 4?
2ae195
In base 9, what is 14 - 2061?
-2046
In base 16, what is 14 - -d3e?
d52
In base 9, what is 5 - -522121?
522126
In base 8, what is 223156 - -5?
223163
In base 9, what is 11 + 26868?
26880
In base 14, what is -2bd08 - -a?
-2bcdc
In base 5, what is -333 - -313324?
312441
In base 13, what is -238418 - 0?
-238418
In base 16, what is -b - 28?
-33
In base 13, what is 461 + -a91?
-630
In base 4, what is 120 + -2322320?
-2322200
In base 12, what is -15201 - 3?
-15204
In base 6, what is -203 + -33130?
-33333
In base 2, what is -110010110001110 - -10000?
-110010101111110
In base 11, what is -53 - 1135?
-1188
In base 2, what is -11100 - 10111010000?
-10111101100
In base 8, what is 1725 - -501?
2426
In base 10, what is -297 - 6?
-303
In base 16, what is 5 + 275d?
2762
In base 9, what is 4073 - 5?
4067
In base 11, what is 89580 + -5?
89576
In base 12, what is -215 - 175?
-38a
In base 7, what is -5 - -3126?
3121
In base 12, what is -1ab07 + 1?
-1ab06
In base 11, what is 60946 - -5?
60950
In base 16, what is 1 + -1ef?
-1ee
In base 15, what is 24 - 3d1e?
-3cea
In base 8, what is 4 + -347430?
-347424
In base 10, what is -1678 - -171?
-1507
In base 9, what is -755 + -185?
-1051
In base 3, what is -201100021 - 1021?
-201101112
In base 7, what is 266 + -30?
236
In base 2, what is 101 - 1001000000101?
-1001000000000
In base 2, what is -1110111000101001111 + 11?
-1110111000101001100
In base 13, what is -85ca - 10?
-860a
In base 5, what is 3 - 224321?
-224313
In base 8, what is -226 + 11233?
11005
In base 16, what is b8 + 233a?
23f2
In base 16, what is -1ed + 5?
-1e8
In base 2, what is -11 - 100110011110101?
-100110011111000
In base 8, what is 47 + 25304?
25353
In base 4, what is 2 - 30013101?
-30013033
In base 6, what is -1301225 - 34?
-1301303
In base 2, what is -110 - 11111011111?
-11111100101
In base 5, what is 22 + 20341224?
20341301
In base 16, what is -5 - 1f36e?
-1f373
In base 7, what is 3314 - 332?
2652
In base 2, what is 1 + 1011001001001?
1011001001010
In base 6, what is 2142311 - -4?
2142315
In base 3, what is 1 - 1002021?
-1002020
In base 6, what is -12 - 12114?
-12130
In base 6, what is 4 - 2331553?
-2331545
In base 3, what is -1020022210211 - -10?
-1020022210201
In base 6, what is 43533 - 130?
43403
In base 2, what is -11 + -101100111011?
-101100111110
In base 13, what is 86 + -6863?
-67aa
In base 15, what is -1 - -6963e?
6963d
In base 2, what is -1011111000001000 + 1?
-1011111000000111
In base 15, what is 64 + 1170?
11d4
In base 8, what is -2445 + -62?
-2527
In base 9, what is -7 - 211?
-218
In base 11, what is -49 + 30?
-19
In base 15, what is 2218 + -a?
220d
In base 2, what is -1011001 - -1010100?
-101
In base 14, what is b + 974?
981
In base 5, what is -13214 + 2?
-13212
In base 6, what is -10 - 214531?
-214541
In base 13, what is -10c + -3?
-112
In base 12, what is -73936 + -1?
-73937
In base 12, what is -67 - 425?
-490
In base 8, what is -1 - 3116103?
-3116104
In base 10, what is -163 - 1771?
-1934
In base 2, what is 100110011 - -101000100?
1001110111
In base 16, what is 884 - -3a?
8be
In base 15, what is 4b - -28bb?
2917
In base 5, what is -3004 + 220?
-2234
In base 11, what is -3 - -412?
40a
In base 4, what is 3021210 - -3?
3021213
In base 9, what is 1 - -334738?
334740
In base 7, what is 26051 + 245?
26326
In base 14, what is 610 - -b6?
6c6
In base 8, what is -271162 + 0?
-271162
In base 8, what is -14 + -3307?
-3323
In base 6, what is 10254210 + -2?
10254204
In base 11, what is 817 + 578?
1294
In base 11, what is -14528 + 0?
-14528
In base 2, what is -1111101 + -10000100010?
-10010011111
In base 9, what is 103623 + -6?
103616
In base 13, what is a + 23bb?
23c8
In base 11, what is -18a7 + -181?
-1a78
In base 10, what is -37638 - -3?
-37635
In base 8, what is -350774 - -7?
-350765
In base 8, what is -36 + 3105?
3047
In base 6, what is -1302552 + 4?
-1302544
In base 11, what is 99 - 6076?
-5a88
In base 14, what is 29c8d - 13?
29c7a
In base 9, what is 4126 + 345?
4472
In base 14, what is 2676c + 3?
26771
In base 6, what is -4 - 2025?
-2033
In base 14, what is 643d + -8?
6435
In base 10, what is 2926313 - 2?
2926311
In base 13, what is 41553 + -20?
41533
In base 13, what is 5913 + -11?
5902
In base 10, what is -438 + -4793?
-5231
In base 4, what is 1331230 + 31?
1331321
In base 3, what is 2 - 2201102221?
-2201102212
In base 15, what is b + e3a?
e46
In base 10, what is -36 + 13270?
13234
In base 5, what is 2242 + -221122?
-213330
In base 8, what is 362 - 2250?
-1666
In base 8, what is 3 + 33632